re the prime factors of r(b)?
3, 53
Let y(l) = l - 21. Let t be y(23). List the prime factors of (-1455)/(-6) + (-3)/t.
241
Let i(m) = -195*m + 790. What are the prime factors of i(-7)?
5, 431
Let b = -237 - -233. What are the prime factors of (-924)/(-5) + (-147)/(-35) + b?
5, 37
Let p = 60 - 60. Let f be (51 + p + -2)*(21 - 2). Suppose -9*n - f = -16*n. What are the prime factors of n?
7, 19
Suppose -4947288 = 445*m - 41883178. What are the prime factors of m?
2, 47, 883
Suppose 14*b = -b + 49*b - 692240. List the prime factors of b.
2, 5, 509
Let c be (4 - 4)/(-1) - (1 - 31). Suppose 0 = 27*f - 32*f + c. Suppose 837 = f*u + 183. What are the prime factors of u?
109
Suppose 0 = -2*m - 2*q + 2572, -4989 = -3*m + 5*q - 1091. Suppose -3*i + m = -2105. What are the prime factors of i?
2, 283
Let v(r) = 12*r**2 - 7*r + 7. Let m be v(5). Let n = 461 - m. Suppose -n = -2*o - 5*o. List the prime factors of o.
3
Let v = 858 + 3604. What are the prime factors of v?
2, 23, 97
Suppose -78*d - 27*d + 1789469 = 16*d. What are the prime factors of d?
23, 643
Let o be (-39)/(-130) + 78/(-60). What are the prime factors of 197/o*(14 - 15)?
197
Let j(c) = 228*c - 49. Let t(l) = -684*l + 148. Let x(a) = 17*j(a) + 6*t(a). List the prime factors of x(-5).
5, 239
What are the prime factors of ((-26)/8 - (-2)/(-8))/(51/(-9384))?
2, 7, 23
Let k(q) = q**2 - 10*q - 21. Let j be k(-11). Suppose -118 = -j*n + 208*n. List the prime factors of n.
59
Let n(i) = -i**2 - 2*i + 1. Let f(a) = a**3 + 27*a**2 - 41*a - 3. Let y(m) = -f(m) - 3*n(m). List the prime factors of y(-26).
2, 5, 13
Suppose 9*k - 9*k + 649682 = 11*k. What are the prime factors of k?
2, 29531
Suppose 0 = -4*r - 81 + 101. Suppose 4*u - f - 2239 = 0, -3*u + u - r*f = -1125. Suppose u = 2*w + 2*n, 5*w + 847 = 5*n + 2257. What are the prime factors of w?
281
Let d(y) = -y**2 + 16*y - 50. Let q be d(11). Suppose -p - 2 = 0, 5*z - q*p + 0*p - 2495 = 0. What are the prime factors of z?
7, 71
Let k = -5455 + 10493. What are the prime factors of k?
2, 11, 229
Let i = 11 + -5. Let r(g) be the second derivative of g**4/2 + 5*g**3/6 - 17*g**2 - g + 69. What are the prime factors of r(i)?
2, 53
Let g be (-2 - -20)*(-6)/(-2). Let y(h) = 27*h - 170. Let v be y(4). Let b = g - v. What are the prime factors of b?
2, 29
What are the prime factors of (-26)/(-1)*(8772/24 - -5)?
3, 13, 19
Suppose 32*f = 15*f + 6715. Let t(d) = d**3 + 6*d**2 + 5*d + 4. Let z be t(-5). Suppose f = z*s + 103. List the prime factors of s.
73
Let w(m) = 1034*m + 333. List the prime factors of w(20).
21013
Let k(g) = -19*g + 1070. Let b(w) = -5*w + 268. Let n(d) = 9*b(d) - 2*k(d). What are the prime factors of n(0)?
2, 17
Suppose 3*n + 3*j + 12 = 0, 5*n = 2*j + 1 - 0. Let q be (8/(-4) + 2)/n. List the prime factors of 5*15 + (5 - 5) + q.
3, 5
Suppose 4*s + 3*n + 316 = 0, s = 6*s - 2*n + 418. Let p = s + 100. Suppose -17*f + p*f = 119. List the prime factors of f.
7, 17
Suppose -4*z - 54327 = -5*t, 6*z = 3*t + 2*z - 32601. Let l = 4413 - t. What are the prime factors of l/(-40) - (2 - 11/4)?
2, 3
Suppose -5 = -4*j + 11. Let i(s) = j*s - 16 + 3 + 5 + 21*s. List the prime factors of i(3).
67
Let r be (-1)/2*79*-2. Suppose 115 = 29*c - 30. Suppose 0 = -i - i + 10, u - c*i - r = 0. What are the prime factors of u?
2, 13
Let s = 1755 + -4157. Let r = s - -3537. List the prime factors of r.
5, 227
Let c(s) = 3*s - 6. Let t be c(2). Let p be (2 + (-4)/2)/(-1 - t). Let y(a) = -a + 29. List the prime factors of y(p).
29
Let d = 6797 + -2676. Suppose -65 = 12*l - d. List the prime factors of l.
2, 13
List the prime factors of (228/60 + -3)*339/(-6)*-565.
2, 113
Let z = -1641 + 5025. List the prime factors of z.
2, 3, 47
Suppose 2318 = -15*g + 5842 + 11056. What are the prime factors of g?
2, 3
Let f = 504 + -524. Let s(v) = -54*v - 363. What are the prime factors of s(f)?
3, 239
Let d = -277 + 257. List the prime factors of 4/(-40) - 2722/d.
2, 17
Let y = 176 + -281. Let r = y + 107. What are the prime factors of (-1)/((-5)/90*r)?
3
Let b(n) = n**2 + 5*n + 11. Let t be b(-2). Suppose -3*h + t*i + 1051 + 591 = 0, -h + 544 = -i. What are the prime factors of h?
7, 11
Suppose f + 2*d = -0*d + 258, -4*f - 4*d + 1040 = 0. List the prime factors of (5 - (-3 - -6)) + f.
2, 3, 11
Let o(y) = 390*y - 79. Let p be o(-5). What are the prime factors of (-23 - p)/(5/((-15)/(-6)))?
17, 59
Let s(x) = -2*x**3 + 7*x**2 - 16*x + 12. Let v be s(7). Let b = v + 790. What are the prime factors of b?
347
Let p = 136 + -132. Suppose 3*f + 42 = p*f. List the prime factors of f.
2, 3, 7
Suppose -4*s + 47 - 23 = 0. Suppose 0*c + s*c = 1878. List the prime factors of c.
313
Let q(j) = j**2 + 10*j - 16. Let k be q(-22). Let l = -221 + k. What are the prime factors of l?
3
Let n = 145026 - 77178. What are the prime factors of n?
2, 3, 11, 257
Let q(d) = 26*d**2 + 30*d**2 + 4*d - 1 - 2*d**2. List the prime factors of q(2).
223
Suppose 187*r = 206*r - 94734. What are the prime factors of r?
2, 3, 277
Let x be (-855)/(-30) - (5/2 - 2). List the prime factors of (-4 - (-552)/x)*49.
2, 5, 7, 11
Let o = 3790 - 3235. What are the prime factors of o?
3, 5, 37
Suppose 0 = -6*l + 33 + 3. Let x be (620/(-6) + 2/l)*-2. Suppose -x = s - 3*s. List the prime factors of s.
103
Suppose 0 = -k + 2*r + 37, 92 = 4*k - r - 35. Suppose -2*g = 35*p - k*p - 7300, -5*g = -20. What are the prime factors of p?
1823
Suppose 17*f - 19*f + 8 = 0. Let g be (168/f)/((-6)/(-52)) + 1. Suppose -4*u + 4*n + 460 = 0, -2*n + g = -2*u + 5*u. What are the prime factors of u?
7, 17
Let n be 1 - ((-4 - -8) + -6). Suppose -4*g - 1332 = -4*k, g + 995 = 6*k - n*k. List the prime factors of k.
331
Let u(m) = 9*m**2 + 30*m + 99. Let i(g) = -g**3 + 9*g**2 - 6*g - 19. Let b be i(8). What are the prime factors of u(b)?
2, 3, 5
Suppose -144 = -13*a + 51. Suppose a*u - 26870 = -4460. List the prime factors of u.
2, 3, 83
Suppose -2*z - 34 = -3*w, 0 = -2*w + z - 0 + 22. Let d(m) be the third derivative of 7*m**4/24 - 5*m**3/6 - m**2. List the prime factors of d(w).
5, 13
Suppose 4*p - 16 = -4. Suppose p = -w + 5. Suppose d = -1 - w, 0 = -o - d + 90. List the prime factors of o.
3, 31
Let t(j) = 4*j**3 + 13*j**2 - 6*j + 8. Let g(f) = -13*f**3 - 39*f**2 + 16*f - 25. Let u(x) = 2*g(x) + 7*t(x). List the prime factors of u(-6).
2, 3, 17
Let j be (-1558)/(-19)*(-1)/2. What are the prime factors of (j/4)/(17/(-272))?
2, 41
List the prime factors of 8678*((-2)/(-8) + 72/1536*16).
2, 4339
Suppose -11 = -m - 5. Let p be 9/6*1168/m. List the prime factors of (p - 0)/(2 + 0).
2, 73
Suppose p + 10 = 47. Let h(z) = -z**2 - 28*z + 26. Let y be h(-27). Let v = y - p. List the prime factors of v.
2
Let y(z) = 55*z**2 - 2*z + 4. Let s be y(-4). Suppose -5*g = -g - 4*t - s, 253 = g + 5*t. Suppose -68 + g = 5*h. What are the prime factors of h?
2
Suppose 2*o = 2*y + 814, -2*y = 7*o - 2*o - 2028. Suppose 0 = -7*c - 28 + o. List the prime factors of c.
2, 3
Suppose -426*z = -409*z - 59041. List the prime factors of z.
23, 151
Suppose -110 + 38 = -2*s. Suppose 0 = 3*n, -4*m - n - s = 3*n. List the prime factors of 27/m*94/(-6).
47
Let b(y) = 3*y**2 - 6*y - 9. Suppose 0 = -11*s + 12*s - 3*m + 23, -m = -3*s - 37. List the prime factors of b(s).
2, 3, 5, 7
Suppose 59*b + 5*b = -126*b + 497040. List the prime factors of b.
2, 3, 109
Let j(p) = 4*p**2 + 67*p + 859. What are the prime factors of j(-42)?
5101
Suppose 59442 = 19*v - 91152. What are the prime factors of v?
2, 3, 1321
Let g = 3910 - -1247. List the prime factors of g.
3, 191
Suppose 37*x - 42*x = 470. Let l = 28 + x. Let u = l + 164. List the prime factors of u.
2, 7
Let i = 1065 - 484. Let o = 994 - i. What are the prime factors of o?
7, 59
Let z be (4/10 + 0)/(3/(-15)). Let j be (z - -3) + 238 - 2. Suppose -2*q - l = -j, 4*l - 235 = -2*q + l. List the prime factors of q.
7, 17
Suppose 9*n + 9 = 12*n. Suppose 0 = -n*m + 35 - 11. Suppose -m*v + 63 + 161 = 0. List the prime factors of v.
2, 7
Let f = 281195 - 195053. List the prime factors of f.
2, 3, 7, 293
Let w = -4 + 14. Let u be (-2 - (-675)/w)*-2. Let d = 44 - u. List the prime factors of d.
5, 7
Suppose p = -2*u + 874, -3*p + 5*u + 2444 + 123 = 0. Let c = 1777 - p. What are the prime factors of c?
11, 83
Let y(i) = 79*i**3 + 2*i - 2. Let o(v) =